{"id":1374,"date":"2014-12-13T15:29:54","date_gmt":"2014-12-13T15:29:54","guid":{"rendered":"http:\/\/parosrentcar.com\/el\/?page_id=1374"},"modified":"2015-02-17T15:02:38","modified_gmt":"2015-02-17T15:02:38","slug":"la-collina-di-cefalou","status":"publish","type":"page","link":"https:\/\/parosrentcar.com\/it\/attrazioni-monumenti-paros\/la-collina-di-cefalou\/","title":{"rendered":"La collina di Cefalou"},"content":{"rendered":"<p><strong>Il castello sulla collina di Cefalou<\/strong>\u00a0domina sulla parte est del villaggio Marpissa e sulla sua cima si trova\u00a0<strong>il convento di Sant\u2019Antonio<\/strong>\u00a0che \u00e8 datato dal 17<sup>0<\/sup>sec. <strong>L\u2019escursione a piedi<\/strong>\u00a0da Marpissa al convento, che dura circa 30 minuti, \u00e8 uno dei pi\u00f9 interessanti sentieri a Paros.<\/p>\n<p>Prima di arrivare sulla cima incontrerete molte\u00a0<strong>pietre grandi e<\/strong>\u00a0<strong>bianche<\/strong>\u00a0che sono l\u2019unica cosa che \u00e8 rimasta dalla citt\u00e0 veneziana di Cefalou. E\u2019il luogo dove \u00e8 eseguita l\u2019azione finale di Enetocracia nel 1537, quando il pirata famoso Barbarossa ha saccheggiato il castello. Tra i resti \u00a0si trovano anche le rovine di molte chiese piccole che sono state distrutte e saccheggiate.<\/p>\n<p>Quando arrivate sulla cima\u00a0 potete ammirare\u00a0<strong>il convento con<\/strong>\u00a0<strong>le icone<\/strong>\u00a0<strong>e l\u2019impressionante altare<\/strong>\u00a0che \u00e8 scolpito sul legno ed \u00e8 decorato con foglie d\u2019oro. La collina ha la forma di un cono e la vista di Paros est \u00e8 affascinante da l\u00ec.Il convento \u00e8 aperto solo il mattino durante i mesi estivi.<\/p>\n","protected":false},"excerpt":{"rendered":"<p>Il castello sulla collina di Cefalou\u00a0domina sulla parte est del villaggio Marpissa e sulla sua cima si trova\u00a0il convento di Sant\u2019Antonio\u00a0che \u00e8 datato dal 170sec. L\u2019escursione a piedi\u00a0da Marpissa al convento, che dura circa 30 minuti, \u00e8 uno dei pi\u00f9 interessanti sentieri a Paros. Prima di arrivare sulla cima incontrerete molte\u00a0pietre grandi e\u00a0bianche\u00a0che sono l\u2019unica cosa che \u00e8 rimasta dalla citt\u00e0 veneziana di Cefalou. E\u2019il luogo dove \u00e8 eseguita l\u2019azione finale di Enetocracia nel 1537, quando il pirata famoso Barbarossa ha saccheggiato il castello. Tra i resti \u00a0si trovano anche le rovine di molte chiese piccole che sono state distrutte e saccheggiate. Quando arrivate sulla cima\u00a0 potete ammirare\u00a0il convento con\u00a0le [&hellip;]<\/p>\n","protected":false},"author":1,"featured_media":0,"parent":1015,"menu_order":0,"comment_status":"closed","ping_status":"closed","template":"","meta":{"footnotes":""},"class_list":["post-1374","page","type-page","status-publish","hentry"],"yoast_head":"<!-- This site is optimized with the Yoast SEO plugin v27.1.1 - https:\/\/yoast.com\/product\/yoast-seo-wordpress\/ -->\n<title>La collina di Cefalou-Noleggio auto e moto a Paros Grecia \u2013 Paros Autonoleggio<\/title>\n<meta name=\"description\" content=\"La collina di Cefalou-Noleggio auto, quad, buggy, atv, scooter, moto e bici a Paros Grecia. Autonoleggio Paros Grecia - ParosEuropeanRent\" \/>\n<meta name=\"robots\" content=\"index, follow, max-snippet:-1, max-image-preview:large, max-video-preview:-1\" \/>\n<link rel=\"canonical\" href=\"https:\/\/parosrentcar.com\/it\/attrazioni-monumenti-paros\/la-collina-di-cefalou\/\" \/>\n<meta property=\"og:locale\" content=\"it_IT\" \/>\n<meta property=\"og:type\" content=\"article\" \/>\n<meta property=\"og:title\" content=\"La collina di Cefalou-Noleggio auto e moto a Paros Grecia \u2013 Paros Autonoleggio\" \/>\n<meta property=\"og:description\" content=\"La collina di Cefalou-Noleggio auto, quad, buggy, atv, scooter, moto e bici a Paros Grecia. Autonoleggio Paros Grecia - ParosEuropeanRent\" \/>\n<meta property=\"og:url\" content=\"https:\/\/parosrentcar.com\/it\/attrazioni-monumenti-paros\/la-collina-di-cefalou\/\" \/>\n<meta property=\"og:site_name\" content=\"Noleggio auto e moto a Paros Grecia \u2013 Paros Autonoleggio\" \/>\n<meta property=\"article:publisher\" content=\"https:\/\/www.facebook.com\/paroscarrental\" \/>\n<meta property=\"article:modified_time\" content=\"2015-02-17T15:02:38+00:00\" \/>\n<meta name=\"twitter:card\" content=\"summary_large_image\" \/>\n<meta name=\"twitter:site\" content=\"@parosrentcar\" \/>\n<meta name=\"twitter:label1\" content=\"Tempo di lettura stimato\" \/>\n\t<meta name=\"twitter:data1\" content=\"1 minuto\" \/>\n<script type=\"application\/ld+json\" class=\"yoast-schema-graph\">{\"@context\":\"https:\/\/schema.org\",\"@graph\":[{\"@type\":\"WebPage\",\"@id\":\"https:\/\/parosrentcar.com\/it\/attrazioni-monumenti-paros\/la-collina-di-cefalou\/\",\"url\":\"https:\/\/parosrentcar.com\/it\/attrazioni-monumenti-paros\/la-collina-di-cefalou\/\",\"name\":\"La collina di Cefalou-Noleggio auto e moto a Paros Grecia \u2013 Paros Autonoleggio\",\"isPartOf\":{\"@id\":\"https:\/\/parosrentcar.com\/it\/#website\"},\"datePublished\":\"2014-12-13T15:29:54+00:00\",\"dateModified\":\"2015-02-17T15:02:38+00:00\",\"description\":\"La collina di Cefalou-Noleggio auto, quad, buggy, atv, scooter, moto e bici a Paros Grecia. Autonoleggio Paros Grecia - ParosEuropeanRent\",\"breadcrumb\":{\"@id\":\"https:\/\/parosrentcar.com\/it\/attrazioni-monumenti-paros\/la-collina-di-cefalou\/#breadcrumb\"},\"inLanguage\":\"it-IT\",\"potentialAction\":[{\"@type\":\"ReadAction\",\"target\":[\"https:\/\/parosrentcar.com\/it\/attrazioni-monumenti-paros\/la-collina-di-cefalou\/\"]}]},{\"@type\":\"BreadcrumbList\",\"@id\":\"https:\/\/parosrentcar.com\/it\/attrazioni-monumenti-paros\/la-collina-di-cefalou\/#breadcrumb\",\"itemListElement\":[{\"@type\":\"ListItem\",\"position\":1,\"name\":\"Home\",\"item\":\"https:\/\/parosrentcar.com\/it\/\"},{\"@type\":\"ListItem\",\"position\":2,\"name\":\"Attrazioni\",\"item\":\"https:\/\/parosrentcar.com\/it\/attrazioni-monumenti-paros\/\"},{\"@type\":\"ListItem\",\"position\":3,\"name\":\"La collina di Cefalou\"}]},{\"@type\":\"WebSite\",\"@id\":\"https:\/\/parosrentcar.com\/it\/#website\",\"url\":\"https:\/\/parosrentcar.com\/it\/\",\"name\":\"Noleggio auto e moto a Paros Grecia \u2013 Paros Autonoleggio\",\"description\":\"Noleggio auto, quad, buggy, atv, scooter, moto e bici a Paros Grecia. Grandi offerte su noleggio auto a Paros. Autonoleggio Paros Grecia\",\"potentialAction\":[{\"@type\":\"SearchAction\",\"target\":{\"@type\":\"EntryPoint\",\"urlTemplate\":\"https:\/\/parosrentcar.com\/it\/?s={search_term_string}\"},\"query-input\":{\"@type\":\"PropertyValueSpecification\",\"valueRequired\":true,\"valueName\":\"search_term_string\"}}],\"inLanguage\":\"it-IT\"}]}<\/script>\n<!-- \/ Yoast SEO plugin. -->","yoast_head_json":{"title":"La collina di Cefalou-Noleggio auto e moto a Paros Grecia \u2013 Paros Autonoleggio","description":"La collina di Cefalou-Noleggio auto, quad, buggy, atv, scooter, moto e bici a Paros Grecia. Autonoleggio Paros Grecia - ParosEuropeanRent","robots":{"index":"index","follow":"follow","max-snippet":"max-snippet:-1","max-image-preview":"max-image-preview:large","max-video-preview":"max-video-preview:-1"},"canonical":"https:\/\/parosrentcar.com\/it\/attrazioni-monumenti-paros\/la-collina-di-cefalou\/","og_locale":"it_IT","og_type":"article","og_title":"La collina di Cefalou-Noleggio auto e moto a Paros Grecia \u2013 Paros Autonoleggio","og_description":"La collina di Cefalou-Noleggio auto, quad, buggy, atv, scooter, moto e bici a Paros Grecia. Autonoleggio Paros Grecia - ParosEuropeanRent","og_url":"https:\/\/parosrentcar.com\/it\/attrazioni-monumenti-paros\/la-collina-di-cefalou\/","og_site_name":"Noleggio auto e moto a Paros Grecia \u2013 Paros Autonoleggio","article_publisher":"https:\/\/www.facebook.com\/paroscarrental","article_modified_time":"2015-02-17T15:02:38+00:00","twitter_card":"summary_large_image","twitter_site":"@parosrentcar","twitter_misc":{"Tempo di lettura stimato":"1 minuto"},"schema":{"@context":"https:\/\/schema.org","@graph":[{"@type":"WebPage","@id":"https:\/\/parosrentcar.com\/it\/attrazioni-monumenti-paros\/la-collina-di-cefalou\/","url":"https:\/\/parosrentcar.com\/it\/attrazioni-monumenti-paros\/la-collina-di-cefalou\/","name":"La collina di Cefalou-Noleggio auto e moto a Paros Grecia \u2013 Paros Autonoleggio","isPartOf":{"@id":"https:\/\/parosrentcar.com\/it\/#website"},"datePublished":"2014-12-13T15:29:54+00:00","dateModified":"2015-02-17T15:02:38+00:00","description":"La collina di Cefalou-Noleggio auto, quad, buggy, atv, scooter, moto e bici a Paros Grecia. Autonoleggio Paros Grecia - ParosEuropeanRent","breadcrumb":{"@id":"https:\/\/parosrentcar.com\/it\/attrazioni-monumenti-paros\/la-collina-di-cefalou\/#breadcrumb"},"inLanguage":"it-IT","potentialAction":[{"@type":"ReadAction","target":["https:\/\/parosrentcar.com\/it\/attrazioni-monumenti-paros\/la-collina-di-cefalou\/"]}]},{"@type":"BreadcrumbList","@id":"https:\/\/parosrentcar.com\/it\/attrazioni-monumenti-paros\/la-collina-di-cefalou\/#breadcrumb","itemListElement":[{"@type":"ListItem","position":1,"name":"Home","item":"https:\/\/parosrentcar.com\/it\/"},{"@type":"ListItem","position":2,"name":"Attrazioni","item":"https:\/\/parosrentcar.com\/it\/attrazioni-monumenti-paros\/"},{"@type":"ListItem","position":3,"name":"La collina di Cefalou"}]},{"@type":"WebSite","@id":"https:\/\/parosrentcar.com\/it\/#website","url":"https:\/\/parosrentcar.com\/it\/","name":"Noleggio auto e moto a Paros Grecia \u2013 Paros Autonoleggio","description":"Noleggio auto, quad, buggy, atv, scooter, moto e bici a Paros Grecia. Grandi offerte su noleggio auto a Paros. Autonoleggio Paros Grecia","potentialAction":[{"@type":"SearchAction","target":{"@type":"EntryPoint","urlTemplate":"https:\/\/parosrentcar.com\/it\/?s={search_term_string}"},"query-input":{"@type":"PropertyValueSpecification","valueRequired":true,"valueName":"search_term_string"}}],"inLanguage":"it-IT"}]}},"_links":{"self":[{"href":"https:\/\/parosrentcar.com\/it\/wp-json\/wp\/v2\/pages\/1374","targetHints":{"allow":["GET"]}}],"collection":[{"href":"https:\/\/parosrentcar.com\/it\/wp-json\/wp\/v2\/pages"}],"about":[{"href":"https:\/\/parosrentcar.com\/it\/wp-json\/wp\/v2\/types\/page"}],"author":[{"embeddable":true,"href":"https:\/\/parosrentcar.com\/it\/wp-json\/wp\/v2\/users\/1"}],"replies":[{"embeddable":true,"href":"https:\/\/parosrentcar.com\/it\/wp-json\/wp\/v2\/comments?post=1374"}],"version-history":[{"count":1,"href":"https:\/\/parosrentcar.com\/it\/wp-json\/wp\/v2\/pages\/1374\/revisions"}],"predecessor-version":[{"id":1592,"href":"https:\/\/parosrentcar.com\/it\/wp-json\/wp\/v2\/pages\/1374\/revisions\/1592"}],"up":[{"embeddable":true,"href":"https:\/\/parosrentcar.com\/it\/wp-json\/wp\/v2\/pages\/1015"}],"wp:attachment":[{"href":"https:\/\/parosrentcar.com\/it\/wp-json\/wp\/v2\/media?parent=1374"}],"curies":[{"name":"wp","href":"https:\/\/api.w.org\/{rel}","templated":true}]}}

<p><strong>Il castello sulla collina di Cefalou</strong> domina sulla parte est del villaggio Marpissa e sulla sua cima si trova <strong>il convento di Sant’Antonio</strong> che è datato dal 17<sup>0</sup>sec. <strong>L’escursione a piedi</strong> da Marpissa al convento, che dura circa 30 minuti, è uno dei più interessanti sentieri a Paros.</p>
<p>Prima di arrivare sulla cima incontrerete molte <strong>pietre grandi e</strong> <strong>bianche</strong> che sono l’unica cosa che è rimasta dalla città veneziana di Cefalou. E’il luogo dove è eseguita l’azione finale di Enetocracia nel 1537, quando il pirata famoso Barbarossa ha saccheggiato il castello. Tra i resti  si trovano anche le rovine di molte chiese piccole che sono state distrutte e saccheggiate.</p>
<p>Quando arrivate sulla cima  potete ammirare <strong>il convento con</strong> <strong>le icone</strong> <strong>e l’impressionante altare</strong> che è scolpito sul legno ed è decorato con foglie d’oro. La collina ha la forma di un cono e la vista di Paros est è affascinante da lì.Il convento è aperto solo il mattino durante i mesi estivi.</p>

<p>Il castello sulla collina di Cefalou domina sulla parte est del villaggio Marpissa e sulla sua cima si trova il convento di Sant’Antonio che è datato dal 170sec. L’escursione a piedi da Marpissa al convento, che dura circa 30 minuti, è uno dei più interessanti sentieri a Paros. Prima di arrivare sulla cima incontrerete molte pietre grandi e bianche che sono l’unica cosa che è rimasta dalla città veneziana di Cefalou. E’il luogo dove è eseguita l’azione finale di Enetocracia nel 1537, quando il pirata famoso Barbarossa ha saccheggiato il castello. Tra i resti  si trovano anche le rovine di molte chiese piccole che sono state distrutte e saccheggiate. Quando arrivate sulla cima  potete ammirare il convento con le [&hellip;]</p>
