{"id":91,"date":"2014-11-07T16:57:32","date_gmt":"2014-11-07T16:57:32","guid":{"rendered":"http:\/\/parosrentcar.com\/el\/?page_id=91"},"modified":"2014-12-21T09:26:09","modified_gmt":"2014-12-21T09:26:09","slug":"conditions-generales-de-location","status":"publish","type":"page","link":"https:\/\/parosrentcar.com\/fr\/notre-societe\/conditions-generales-de-location\/","title":{"rendered":"Conditions g\u00e9n\u00e9rales de location"},"content":{"rendered":"<ol>\n<li><strong>LES PRIX CONCERNENT<\/strong>: Entretien, huile, graissage, cartes des routes.<\/li>\n<li><strong>LOCATION MINIMUM<\/strong>: Un (1) jour (24 heurs). Pour chaque heure en plus on comptera 1\/5 du prix quotidien.<\/li>\n<li><strong>AGE DU LOCATAIRE<\/strong>: Le minimum d&rsquo;Age est le 23 ans.<\/li>\n<li><strong>AUTORISATION DE CONDUIRE<\/strong>: Le chauffeur doit avoir re\u00e7u son permis de conduire depuis 1 an.<\/li>\n<li><strong>AMENDES<\/strong>: Toutes les amendes et les punitions administrative sont a la charge du locataire.<\/li>\n<li><strong>ASSURANCE<\/strong>: L&rsquo; assurance au tiers est Incluse dans le prix de la location.<\/li>\n<li><strong>ASSURANCE TOUT RISQUES<\/strong>: Le locataire peut contracter une assurance tout risques au tarit de 8 Euro par jour pour A, B, C, D -10 Euro E, S, F type de v\u00e9hicule et de 5 Euro par jour pour tout type de motos. En cas d&rsquo;accident le locataire devra payer 400 Euro pour les voitures et 200 Euro pour les motos. Le reste des frais sera payei par l&rsquo;assurance toutefois cela ne couve pas les dommages infliges au soubassement du v\u00e9hicule, aux roues ou aux pneus. De m\u00eame vous ne ferez pas couvert en cas de conduite sous l&#8217;empise de l&rsquo;alcool ou de drogues.<\/li>\n<li><strong>ESSENCE<\/strong>: Tout v\u00e9hicule doit \u00eatre rendu avec la m\u00eame quantiti d&rsquo;essence que contenait le r\u00e9servoir au d\u00e9but de la location. Si il \u00a0y a diff\u00e9rence ce sera a la charge de locataire. L&rsquo;essence que vous n&rsquo;auriez pas utiliser ne sera pas rembourser.<\/li>\n<li><strong>DELIVRANCE ET RECEPTION DES AUTO<\/strong>: Gratuite aux airports, ports et h\u00f4tels.<\/li>\n<li>Tout v\u00e9hicule ne peut quitter l&rsquo;ile sans l&rsquo;autorisation de notre bureau. A l&rsquo;exception d&rsquo;Antiparos.<\/li>\n<li><strong>RE-APPICATION DES PRIX<\/strong>: Les termes et les prix du tarif peuvent se changer sans pr\u00e9avis, apr\u00e8s l&rsquo;approbation d&rsquo; O.T.G. (E.O.T.).<\/li>\n<li>il est strictement interdit de conduire les v\u00e9hicules sur la plage et d&#8217;emmener plus de personnes que le pr\u00e9voit la loi.<\/li>\n<\/ol>\n","protected":false},"excerpt":{"rendered":"<p>LES PRIX CONCERNENT: Entretien, huile, graissage, cartes des routes. LOCATION MINIMUM: Un (1) jour (24 heurs). Pour chaque heure en plus on comptera 1\/5 du prix quotidien. AGE DU LOCATAIRE: Le minimum d&rsquo;Age est le 23 ans. AUTORISATION DE CONDUIRE: Le chauffeur doit avoir re\u00e7u son permis de conduire depuis 1 an. AMENDES: Toutes les amendes et les punitions administrative sont a la charge du locataire. ASSURANCE: L&rsquo; assurance au tiers est Incluse dans le prix de la location. ASSURANCE TOUT RISQUES: Le locataire peut contracter une assurance tout risques au tarit de 8 Euro par jour pour A, B, C, D -10 Euro E, S, F type de v\u00e9hicule [&hellip;]<\/p>\n","protected":false},"author":1,"featured_media":0,"parent":1267,"menu_order":0,"comment_status":"closed","ping_status":"closed","template":"page-templates\/contact.php","meta":{"footnotes":""},"class_list":["post-91","page","type-page","status-publish","hentry"],"yoast_head":"<!-- This site is optimized with the Yoast SEO plugin v27.1.1 - https:\/\/yoast.com\/product\/yoast-seo-wordpress\/ -->\n<title>Conditions g\u00e9n\u00e9rales de location -Location de voitures \u00e0 Paros Gr\u00e8ce<\/title>\n<meta name=\"description\" content=\"Conditions g\u00e9n\u00e9rales de location -Location de voitures \u00e0 prix comp\u00e9titifs, offres sp\u00e9ciales et r\u00e9ductions sur les locations auto \u00e0 Paros Gr\u00e8ce\" \/>\n<meta name=\"robots\" content=\"index, follow, max-snippet:-1, max-image-preview:large, max-video-preview:-1\" \/>\n<link rel=\"canonical\" href=\"https:\/\/parosrentcar.com\/fr\/notre-societe\/conditions-generales-de-location\/\" \/>\n<meta property=\"og:locale\" content=\"fr_FR\" \/>\n<meta property=\"og:type\" content=\"article\" \/>\n<meta property=\"og:title\" content=\"Conditions g\u00e9n\u00e9rales de location -Location de voitures \u00e0 Paros Gr\u00e8ce\" \/>\n<meta property=\"og:description\" content=\"Conditions g\u00e9n\u00e9rales de location -Location de voitures \u00e0 prix comp\u00e9titifs, offres sp\u00e9ciales et r\u00e9ductions sur les locations auto \u00e0 Paros Gr\u00e8ce\" \/>\n<meta property=\"og:url\" content=\"https:\/\/parosrentcar.com\/fr\/notre-societe\/conditions-generales-de-location\/\" \/>\n<meta property=\"og:site_name\" content=\"Location de voitures \u00e0 Paros Gr\u00e8ce - ParosEuropeanRent\" \/>\n<meta property=\"article:publisher\" content=\"https:\/\/www.facebook.com\/paroscarrental\" \/>\n<meta property=\"article:modified_time\" content=\"2014-12-21T09:26:09+00:00\" \/>\n<meta name=\"twitter:label1\" content=\"Dur\u00e9e de lecture estim\u00e9e\" \/>\n\t<meta name=\"twitter:data1\" content=\"2 minutes\" \/>\n<script type=\"application\/ld+json\" class=\"yoast-schema-graph\">{\"@context\":\"https:\/\/schema.org\",\"@graph\":[{\"@type\":\"WebPage\",\"@id\":\"https:\/\/parosrentcar.com\/fr\/notre-societe\/conditions-generales-de-location\/\",\"url\":\"https:\/\/parosrentcar.com\/fr\/notre-societe\/conditions-generales-de-location\/\",\"name\":\"Conditions g\u00e9n\u00e9rales de location -Location de voitures \u00e0 Paros Gr\u00e8ce\",\"isPartOf\":{\"@id\":\"https:\/\/parosrentcar.com\/fr\/#website\"},\"datePublished\":\"2014-11-07T16:57:32+00:00\",\"dateModified\":\"2014-12-21T09:26:09+00:00\",\"description\":\"Conditions g\u00e9n\u00e9rales de location -Location de voitures \u00e0 prix comp\u00e9titifs, offres sp\u00e9ciales et r\u00e9ductions sur les locations auto \u00e0 Paros Gr\u00e8ce\",\"breadcrumb\":{\"@id\":\"https:\/\/parosrentcar.com\/fr\/notre-societe\/conditions-generales-de-location\/#breadcrumb\"},\"inLanguage\":\"fr-FR\",\"potentialAction\":[{\"@type\":\"ReadAction\",\"target\":[\"https:\/\/parosrentcar.com\/fr\/notre-societe\/conditions-generales-de-location\/\"]}]},{\"@type\":\"BreadcrumbList\",\"@id\":\"https:\/\/parosrentcar.com\/fr\/notre-societe\/conditions-generales-de-location\/#breadcrumb\",\"itemListElement\":[{\"@type\":\"ListItem\",\"position\":1,\"name\":\"Home\",\"item\":\"https:\/\/parosrentcar.com\/fr\/\"},{\"@type\":\"ListItem\",\"position\":2,\"name\":\"NOTRE SOCIETE\",\"item\":\"https:\/\/parosrentcar.com\/fr\/notre-societe\/\"},{\"@type\":\"ListItem\",\"position\":3,\"name\":\"Conditions g\u00e9n\u00e9rales de location\"}]},{\"@type\":\"WebSite\",\"@id\":\"https:\/\/parosrentcar.com\/fr\/#website\",\"url\":\"https:\/\/parosrentcar.com\/fr\/\",\"name\":\"Location de voitures \u00e0 Paros Gr\u00e8ce - ParosEuropeanRent\",\"description\":\"Location de voiture, buggy, quad, atv, scooter, moto et v\u00e9lo \u00e0 Paros\",\"potentialAction\":[{\"@type\":\"SearchAction\",\"target\":{\"@type\":\"EntryPoint\",\"urlTemplate\":\"https:\/\/parosrentcar.com\/fr\/?s={search_term_string}\"},\"query-input\":{\"@type\":\"PropertyValueSpecification\",\"valueRequired\":true,\"valueName\":\"search_term_string\"}}],\"inLanguage\":\"fr-FR\"}]}<\/script>\n<!-- \/ Yoast SEO plugin. -->","yoast_head_json":{"title":"Conditions g\u00e9n\u00e9rales de location -Location de voitures \u00e0 Paros Gr\u00e8ce","description":"Conditions g\u00e9n\u00e9rales de location -Location de voitures \u00e0 prix comp\u00e9titifs, offres sp\u00e9ciales et r\u00e9ductions sur les locations auto \u00e0 Paros Gr\u00e8ce","robots":{"index":"index","follow":"follow","max-snippet":"max-snippet:-1","max-image-preview":"max-image-preview:large","max-video-preview":"max-video-preview:-1"},"canonical":"https:\/\/parosrentcar.com\/fr\/notre-societe\/conditions-generales-de-location\/","og_locale":"fr_FR","og_type":"article","og_title":"Conditions g\u00e9n\u00e9rales de location -Location de voitures \u00e0 Paros Gr\u00e8ce","og_description":"Conditions g\u00e9n\u00e9rales de location -Location de voitures \u00e0 prix comp\u00e9titifs, offres sp\u00e9ciales et r\u00e9ductions sur les locations auto \u00e0 Paros Gr\u00e8ce","og_url":"https:\/\/parosrentcar.com\/fr\/notre-societe\/conditions-generales-de-location\/","og_site_name":"Location de voitures \u00e0 Paros Gr\u00e8ce - ParosEuropeanRent","article_publisher":"https:\/\/www.facebook.com\/paroscarrental","article_modified_time":"2014-12-21T09:26:09+00:00","twitter_misc":{"Dur\u00e9e de lecture estim\u00e9e":"2 minutes"},"schema":{"@context":"https:\/\/schema.org","@graph":[{"@type":"WebPage","@id":"https:\/\/parosrentcar.com\/fr\/notre-societe\/conditions-generales-de-location\/","url":"https:\/\/parosrentcar.com\/fr\/notre-societe\/conditions-generales-de-location\/","name":"Conditions g\u00e9n\u00e9rales de location -Location de voitures \u00e0 Paros Gr\u00e8ce","isPartOf":{"@id":"https:\/\/parosrentcar.com\/fr\/#website"},"datePublished":"2014-11-07T16:57:32+00:00","dateModified":"2014-12-21T09:26:09+00:00","description":"Conditions g\u00e9n\u00e9rales de location -Location de voitures \u00e0 prix comp\u00e9titifs, offres sp\u00e9ciales et r\u00e9ductions sur les locations auto \u00e0 Paros Gr\u00e8ce","breadcrumb":{"@id":"https:\/\/parosrentcar.com\/fr\/notre-societe\/conditions-generales-de-location\/#breadcrumb"},"inLanguage":"fr-FR","potentialAction":[{"@type":"ReadAction","target":["https:\/\/parosrentcar.com\/fr\/notre-societe\/conditions-generales-de-location\/"]}]},{"@type":"BreadcrumbList","@id":"https:\/\/parosrentcar.com\/fr\/notre-societe\/conditions-generales-de-location\/#breadcrumb","itemListElement":[{"@type":"ListItem","position":1,"name":"Home","item":"https:\/\/parosrentcar.com\/fr\/"},{"@type":"ListItem","position":2,"name":"NOTRE SOCIETE","item":"https:\/\/parosrentcar.com\/fr\/notre-societe\/"},{"@type":"ListItem","position":3,"name":"Conditions g\u00e9n\u00e9rales de location"}]},{"@type":"WebSite","@id":"https:\/\/parosrentcar.com\/fr\/#website","url":"https:\/\/parosrentcar.com\/fr\/","name":"Location de voitures \u00e0 Paros Gr\u00e8ce - ParosEuropeanRent","description":"Location de voiture, buggy, quad, atv, scooter, moto et v\u00e9lo \u00e0 Paros","potentialAction":[{"@type":"SearchAction","target":{"@type":"EntryPoint","urlTemplate":"https:\/\/parosrentcar.com\/fr\/?s={search_term_string}"},"query-input":{"@type":"PropertyValueSpecification","valueRequired":true,"valueName":"search_term_string"}}],"inLanguage":"fr-FR"}]}},"_links":{"self":[{"href":"https:\/\/parosrentcar.com\/fr\/wp-json\/wp\/v2\/pages\/91","targetHints":{"allow":["GET"]}}],"collection":[{"href":"https:\/\/parosrentcar.com\/fr\/wp-json\/wp\/v2\/pages"}],"about":[{"href":"https:\/\/parosrentcar.com\/fr\/wp-json\/wp\/v2\/types\/page"}],"author":[{"embeddable":true,"href":"https:\/\/parosrentcar.com\/fr\/wp-json\/wp\/v2\/users\/1"}],"replies":[{"embeddable":true,"href":"https:\/\/parosrentcar.com\/fr\/wp-json\/wp\/v2\/comments?post=91"}],"version-history":[{"count":4,"href":"https:\/\/parosrentcar.com\/fr\/wp-json\/wp\/v2\/pages\/91\/revisions"}],"predecessor-version":[{"id":1776,"href":"https:\/\/parosrentcar.com\/fr\/wp-json\/wp\/v2\/pages\/91\/revisions\/1776"}],"up":[{"embeddable":true,"href":"https:\/\/parosrentcar.com\/fr\/wp-json\/wp\/v2\/pages\/1267"}],"wp:attachment":[{"href":"https:\/\/parosrentcar.com\/fr\/wp-json\/wp\/v2\/media?parent=91"}],"curies":[{"name":"wp","href":"https:\/\/api.w.org\/{rel}","templated":true}]}}

Conditions générales de location

<ol>
<li><strong>LES PRIX CONCERNENT</strong>: Entretien, huile, graissage, cartes des routes.</li>
<li><strong>LOCATION MINIMUM</strong>: Un (1) jour (24 heurs). Pour chaque heure en plus on comptera 1/5 du prix quotidien.</li>
<li><strong>AGE DU LOCATAIRE</strong>: Le minimum d&rsquo;Age est le 23 ans.</li>
<li><strong>AUTORISATION DE CONDUIRE</strong>: Le chauffeur doit avoir reçu son permis de conduire depuis 1 an.</li>
<li><strong>AMENDES</strong>: Toutes les amendes et les punitions administrative sont a la charge du locataire.</li>
<li><strong>ASSURANCE</strong>: L&rsquo; assurance au tiers est Incluse dans le prix de la location.</li>
<li><strong>ASSURANCE TOUT RISQUES</strong>: Le locataire peut contracter une assurance tout risques au tarit de 8 Euro par jour pour A, B, C, D -10 Euro E, S, F type de véhicule et de 5 Euro par jour pour tout type de motos. En cas d&rsquo;accident le locataire devra payer 400 Euro pour les voitures et 200 Euro pour les motos. Le reste des frais sera payei par l&rsquo;assurance toutefois cela ne couve pas les dommages infliges au soubassement du véhicule, aux roues ou aux pneus. De même vous ne ferez pas couvert en cas de conduite sous l&#8217;empise de l&rsquo;alcool ou de drogues.</li>
<li><strong>ESSENCE</strong>: Tout véhicule doit être rendu avec la même quantiti d&rsquo;essence que contenait le réservoir au début de la location. Si il  y a différence ce sera a la charge de locataire. L&rsquo;essence que vous n&rsquo;auriez pas utiliser ne sera pas rembourser.</li>
<li><strong>DELIVRANCE ET RECEPTION DES AUTO</strong>: Gratuite aux airports, ports et hôtels.</li>
<li>Tout véhicule ne peut quitter l&rsquo;ile sans l&rsquo;autorisation de notre bureau. A l&rsquo;exception d&rsquo;Antiparos.</li>
<li><strong>RE-APPICATION DES PRIX</strong>: Les termes et les prix du tarif peuvent se changer sans préavis, après l&rsquo;approbation d&rsquo; O.T.G. (E.O.T.).</li>
<li>il est strictement interdit de conduire les véhicules sur la plage et d&#8217;emmener plus de personnes que le prévoit la loi.</li>
</ol>

<p>LES PRIX CONCERNENT: Entretien, huile, graissage, cartes des routes. LOCATION MINIMUM: Un (1) jour (24 heurs). Pour chaque heure en plus on comptera 1/5 du prix quotidien. AGE DU LOCATAIRE: Le minimum d&rsquo;Age est le 23 ans. AUTORISATION DE CONDUIRE: Le chauffeur doit avoir reçu son permis de conduire depuis 1 an. AMENDES: Toutes les amendes et les punitions administrative sont a la charge du locataire. ASSURANCE: L&rsquo; assurance au tiers est Incluse dans le prix de la location. ASSURANCE TOUT RISQUES: Le locataire peut contracter une assurance tout risques au tarit de 8 Euro par jour pour A, B, C, D -10 Euro E, S, F type de véhicule [&hellip;]</p>

<!-- This site is optimized with the Yoast SEO plugin v27.1.1 - https://yoast.com/product/yoast-seo-wordpress/ -->
<title>Conditions générales de location -Location de voitures à Paros Grèce</title>
<meta name="description" content="Conditions générales de location -Location de voitures à prix compétitifs, offres spéciales et réductions sur les locations auto à Paros Grèce" />
<meta name="robots" content="index, follow, max-snippet:-1, max-image-preview:large, max-video-preview:-1" />
<link rel="canonical" href="https://parosrentcar.com/fr/notre-societe/conditions-generales-de-location/" />
<meta property="og:locale" content="fr_FR" />
<meta property="og:type" content="article" />
<meta property="og:title" content="Conditions générales de location -Location de voitures à Paros Grèce" />
<meta property="og:description" content="Conditions générales de location -Location de voitures à prix compétitifs, offres spéciales et réductions sur les locations auto à Paros Grèce" />
<meta property="og:url" content="https://parosrentcar.com/fr/notre-societe/conditions-generales-de-location/" />
<meta property="og:site_name" content="Location de voitures à Paros Grèce - ParosEuropeanRent" />
<meta property="article:publisher" content="https://www.facebook.com/paroscarrental" />
<meta property="article:modified_time" content="2014-12-21T09:26:09+00:00" />
<meta name="twitter:label1" content="Durée de lecture estimée" />
	<meta name="twitter:data1" content="2 minutes" />
<script type="application/ld+json" class="yoast-schema-graph">{"@context":"https://schema.org","@graph":[{"@type":"WebPage","@id":"https://parosrentcar.com/fr/notre-societe/conditions-generales-de-location/","url":"https://parosrentcar.com/fr/notre-societe/conditions-generales-de-location/","name":"Conditions générales de location -Location de voitures à Paros Grèce","isPartOf":{"@id":"https://parosrentcar.com/fr/#website"},"datePublished":"2014-11-07T16:57:32+00:00","dateModified":"2014-12-21T09:26:09+00:00","description":"Conditions générales de location -Location de voitures à prix compétitifs, offres spéciales et réductions sur les locations auto à Paros Grèce","breadcrumb":{"@id":"https://parosrentcar.com/fr/notre-societe/conditions-generales-de-location/#breadcrumb"},"inLanguage":"fr-FR","potentialAction":[{"@type":"ReadAction","target":["https://parosrentcar.com/fr/notre-societe/conditions-generales-de-location/"]}]},{"@type":"BreadcrumbList","@id":"https://parosrentcar.com/fr/notre-societe/conditions-generales-de-location/#breadcrumb","itemListElement":[{"@type":"ListItem","position":1,"name":"Home","item":"https://parosrentcar.com/fr/"},{"@type":"ListItem","position":2,"name":"NOTRE SOCIETE","item":"https://parosrentcar.com/fr/notre-societe/"},{"@type":"ListItem","position":3,"name":"Conditions générales de location"}]},{"@type":"WebSite","@id":"https://parosrentcar.com/fr/#website","url":"https://parosrentcar.com/fr/","name":"Location de voitures à Paros Grèce - ParosEuropeanRent","description":"Location de voiture, buggy, quad, atv, scooter, moto et vélo à Paros","potentialAction":[{"@type":"SearchAction","target":{"@type":"EntryPoint","urlTemplate":"https://parosrentcar.com/fr/?s={search_term_string}"},"query-input":{"@type":"PropertyValueSpecification","valueRequired":true,"valueName":"search_term_string"}}],"inLanguage":"fr-FR"}]}</script>
<!-- / Yoast SEO plugin. -->

Conditions générales de location -Location de voitures à Paros Grèce

Conditions générales de location -Location de voitures à prix compétitifs, offres spéciales et réductions sur les locations auto à Paros Grèce

Location de voitures à Paros Grèce - ParosEuropeanRent

Location de voiture, buggy, quad, atv, scooter, moto et vélo à Paros
