{"id":1356,"date":"2014-12-13T15:08:57","date_gmt":"2014-12-13T15:08:57","guid":{"rendered":"http:\/\/parosrentcar.com\/el\/?page_id=1356"},"modified":"2015-02-11T18:40:09","modified_gmt":"2015-02-11T18:40:09","slug":"plage-daliki","status":"publish","type":"page","link":"https:\/\/parosrentcar.com\/fr\/plages\/plage-daliki\/","title":{"rendered":"Aliki"},"content":{"rendered":"<p><strong>Aliki<\/strong> est \u00e0 13 km de Parikia, \u00e0 la pointe sud de l\u2019\u00eele de Paros. Abrit\u00e9e des vents, notamment du Melt\u00e9mi, c\u2019est un paradis pour les <strong>familles avec enfants<\/strong> qui appr\u00e9cient la mer calme et l\u2019eau transparente. Si vous aimez la plong\u00e9e vous serez ravi par la profondeur des fonds sous-marins. Des <strong>arbres <\/strong>le long de plage permettent de vous abriter du soleil. C\u2019est l\u2019endroit id\u00e9al pour go\u00fbter au poisson fraichement p\u00each\u00e9 dans l\u2019une des <strong>tavernes<\/strong> du village.<\/p>\n<p>En suivant le front de mer sur la gauche, vous trouverez <strong>la plage de Piso Aliki<\/strong>. Une grande plage de sable aux eaux turquoise, bord\u00e9e de tamaris, avec une taverne. Ouverte sur le large, la <strong>vue est exceptionnelle<\/strong>, on peut voir les \u00eeles de Ios, Sikinos et Folegandros \u00e0 l\u2019horizon. La plage est \u00e9quip\u00e9e d\u2019un parking, de cabines de bain et de toilettes<\/p>\n","protected":false},"excerpt":{"rendered":"<p>Aliki est \u00e0 13 km de Parikia, \u00e0 la pointe sud de l\u2019\u00eele de Paros. Abrit\u00e9e des vents, notamment du Melt\u00e9mi, c\u2019est un paradis pour les familles avec enfants qui appr\u00e9cient la mer calme et l\u2019eau transparente. Si vous aimez la plong\u00e9e vous serez ravi par la profondeur des fonds sous-marins. Des arbres le long de plage permettent de vous abriter du soleil. C\u2019est l\u2019endroit id\u00e9al pour go\u00fbter au poisson fraichement p\u00each\u00e9 dans l\u2019une des tavernes du village. En suivant le front de mer sur la gauche, vous trouverez la plage de Piso Aliki. Une grande plage de sable aux eaux turquoise, bord\u00e9e de tamaris, avec une taverne. Ouverte sur [&hellip;]<\/p>\n","protected":false},"author":1,"featured_media":0,"parent":1026,"menu_order":0,"comment_status":"closed","ping_status":"closed","template":"","meta":{"footnotes":""},"class_list":["post-1356","page","type-page","status-publish","hentry"],"yoast_head":"<!-- This site is optimized with the Yoast SEO plugin v27.1.1 - https:\/\/yoast.com\/product\/yoast-seo-wordpress\/ -->\n<title>Aliki -Location de voitures \u00e0 Paros Gr\u00e8ce<\/title>\n<meta name=\"description\" content=\"Aliki -Location de voitures \u00e0 prix comp\u00e9titifs, offres sp\u00e9ciales et r\u00e9ductions sur les locations auto \u00e0 Paros Gr\u00e8ce\" \/>\n<meta name=\"robots\" content=\"index, follow, max-snippet:-1, max-image-preview:large, max-video-preview:-1\" \/>\n<link rel=\"canonical\" href=\"https:\/\/parosrentcar.com\/fr\/plages\/plage-daliki\/\" \/>\n<meta property=\"og:locale\" content=\"fr_FR\" \/>\n<meta property=\"og:type\" content=\"article\" \/>\n<meta property=\"og:title\" content=\"Aliki -Location de voitures \u00e0 Paros Gr\u00e8ce\" \/>\n<meta property=\"og:description\" content=\"Aliki -Location de voitures \u00e0 prix comp\u00e9titifs, offres sp\u00e9ciales et r\u00e9ductions sur les locations auto \u00e0 Paros Gr\u00e8ce\" \/>\n<meta property=\"og:url\" content=\"https:\/\/parosrentcar.com\/fr\/plages\/plage-daliki\/\" \/>\n<meta property=\"og:site_name\" content=\"Location de voitures \u00e0 Paros Gr\u00e8ce - ParosEuropeanRent\" \/>\n<meta property=\"article:publisher\" content=\"https:\/\/www.facebook.com\/paroscarrental\" \/>\n<meta property=\"article:modified_time\" content=\"2015-02-11T18:40:09+00:00\" \/>\n<meta name=\"twitter:label1\" content=\"Dur\u00e9e de lecture estim\u00e9e\" \/>\n\t<meta name=\"twitter:data1\" content=\"1 minute\" \/>\n<script type=\"application\/ld+json\" class=\"yoast-schema-graph\">{\"@context\":\"https:\/\/schema.org\",\"@graph\":[{\"@type\":\"WebPage\",\"@id\":\"https:\/\/parosrentcar.com\/fr\/plages\/plage-daliki\/\",\"url\":\"https:\/\/parosrentcar.com\/fr\/plages\/plage-daliki\/\",\"name\":\"Aliki -Location de voitures \u00e0 Paros Gr\u00e8ce\",\"isPartOf\":{\"@id\":\"https:\/\/parosrentcar.com\/fr\/#website\"},\"datePublished\":\"2014-12-13T15:08:57+00:00\",\"dateModified\":\"2015-02-11T18:40:09+00:00\",\"description\":\"Aliki -Location de voitures \u00e0 prix comp\u00e9titifs, offres sp\u00e9ciales et r\u00e9ductions sur les locations auto \u00e0 Paros Gr\u00e8ce\",\"breadcrumb\":{\"@id\":\"https:\/\/parosrentcar.com\/fr\/plages\/plage-daliki\/#breadcrumb\"},\"inLanguage\":\"fr-FR\",\"potentialAction\":[{\"@type\":\"ReadAction\",\"target\":[\"https:\/\/parosrentcar.com\/fr\/plages\/plage-daliki\/\"]}]},{\"@type\":\"BreadcrumbList\",\"@id\":\"https:\/\/parosrentcar.com\/fr\/plages\/plage-daliki\/#breadcrumb\",\"itemListElement\":[{\"@type\":\"ListItem\",\"position\":1,\"name\":\"Home\",\"item\":\"https:\/\/parosrentcar.com\/fr\/\"},{\"@type\":\"ListItem\",\"position\":2,\"name\":\"Plages\",\"item\":\"https:\/\/parosrentcar.com\/fr\/plages\/\"},{\"@type\":\"ListItem\",\"position\":3,\"name\":\"Aliki\"}]},{\"@type\":\"WebSite\",\"@id\":\"https:\/\/parosrentcar.com\/fr\/#website\",\"url\":\"https:\/\/parosrentcar.com\/fr\/\",\"name\":\"Location de voitures \u00e0 Paros Gr\u00e8ce - ParosEuropeanRent\",\"description\":\"Location de voiture, buggy, quad, atv, scooter, moto et v\u00e9lo \u00e0 Paros\",\"potentialAction\":[{\"@type\":\"SearchAction\",\"target\":{\"@type\":\"EntryPoint\",\"urlTemplate\":\"https:\/\/parosrentcar.com\/fr\/?s={search_term_string}\"},\"query-input\":{\"@type\":\"PropertyValueSpecification\",\"valueRequired\":true,\"valueName\":\"search_term_string\"}}],\"inLanguage\":\"fr-FR\"}]}<\/script>\n<!-- \/ Yoast SEO plugin. -->","yoast_head_json":{"title":"Aliki -Location de voitures \u00e0 Paros Gr\u00e8ce","description":"Aliki -Location de voitures \u00e0 prix comp\u00e9titifs, offres sp\u00e9ciales et r\u00e9ductions sur les locations auto \u00e0 Paros Gr\u00e8ce","robots":{"index":"index","follow":"follow","max-snippet":"max-snippet:-1","max-image-preview":"max-image-preview:large","max-video-preview":"max-video-preview:-1"},"canonical":"https:\/\/parosrentcar.com\/fr\/plages\/plage-daliki\/","og_locale":"fr_FR","og_type":"article","og_title":"Aliki -Location de voitures \u00e0 Paros Gr\u00e8ce","og_description":"Aliki -Location de voitures \u00e0 prix comp\u00e9titifs, offres sp\u00e9ciales et r\u00e9ductions sur les locations auto \u00e0 Paros Gr\u00e8ce","og_url":"https:\/\/parosrentcar.com\/fr\/plages\/plage-daliki\/","og_site_name":"Location de voitures \u00e0 Paros Gr\u00e8ce - ParosEuropeanRent","article_publisher":"https:\/\/www.facebook.com\/paroscarrental","article_modified_time":"2015-02-11T18:40:09+00:00","twitter_misc":{"Dur\u00e9e de lecture estim\u00e9e":"1 minute"},"schema":{"@context":"https:\/\/schema.org","@graph":[{"@type":"WebPage","@id":"https:\/\/parosrentcar.com\/fr\/plages\/plage-daliki\/","url":"https:\/\/parosrentcar.com\/fr\/plages\/plage-daliki\/","name":"Aliki -Location de voitures \u00e0 Paros Gr\u00e8ce","isPartOf":{"@id":"https:\/\/parosrentcar.com\/fr\/#website"},"datePublished":"2014-12-13T15:08:57+00:00","dateModified":"2015-02-11T18:40:09+00:00","description":"Aliki -Location de voitures \u00e0 prix comp\u00e9titifs, offres sp\u00e9ciales et r\u00e9ductions sur les locations auto \u00e0 Paros Gr\u00e8ce","breadcrumb":{"@id":"https:\/\/parosrentcar.com\/fr\/plages\/plage-daliki\/#breadcrumb"},"inLanguage":"fr-FR","potentialAction":[{"@type":"ReadAction","target":["https:\/\/parosrentcar.com\/fr\/plages\/plage-daliki\/"]}]},{"@type":"BreadcrumbList","@id":"https:\/\/parosrentcar.com\/fr\/plages\/plage-daliki\/#breadcrumb","itemListElement":[{"@type":"ListItem","position":1,"name":"Home","item":"https:\/\/parosrentcar.com\/fr\/"},{"@type":"ListItem","position":2,"name":"Plages","item":"https:\/\/parosrentcar.com\/fr\/plages\/"},{"@type":"ListItem","position":3,"name":"Aliki"}]},{"@type":"WebSite","@id":"https:\/\/parosrentcar.com\/fr\/#website","url":"https:\/\/parosrentcar.com\/fr\/","name":"Location de voitures \u00e0 Paros Gr\u00e8ce - ParosEuropeanRent","description":"Location de voiture, buggy, quad, atv, scooter, moto et v\u00e9lo \u00e0 Paros","potentialAction":[{"@type":"SearchAction","target":{"@type":"EntryPoint","urlTemplate":"https:\/\/parosrentcar.com\/fr\/?s={search_term_string}"},"query-input":{"@type":"PropertyValueSpecification","valueRequired":true,"valueName":"search_term_string"}}],"inLanguage":"fr-FR"}]}},"_links":{"self":[{"href":"https:\/\/parosrentcar.com\/fr\/wp-json\/wp\/v2\/pages\/1356","targetHints":{"allow":["GET"]}}],"collection":[{"href":"https:\/\/parosrentcar.com\/fr\/wp-json\/wp\/v2\/pages"}],"about":[{"href":"https:\/\/parosrentcar.com\/fr\/wp-json\/wp\/v2\/types\/page"}],"author":[{"embeddable":true,"href":"https:\/\/parosrentcar.com\/fr\/wp-json\/wp\/v2\/users\/1"}],"replies":[{"embeddable":true,"href":"https:\/\/parosrentcar.com\/fr\/wp-json\/wp\/v2\/comments?post=1356"}],"version-history":[{"count":2,"href":"https:\/\/parosrentcar.com\/fr\/wp-json\/wp\/v2\/pages\/1356\/revisions"}],"predecessor-version":[{"id":1965,"href":"https:\/\/parosrentcar.com\/fr\/wp-json\/wp\/v2\/pages\/1356\/revisions\/1965"}],"up":[{"embeddable":true,"href":"https:\/\/parosrentcar.com\/fr\/wp-json\/wp\/v2\/pages\/1026"}],"wp:attachment":[{"href":"https:\/\/parosrentcar.com\/fr\/wp-json\/wp\/v2\/media?parent=1356"}],"curies":[{"name":"wp","href":"https:\/\/api.w.org\/{rel}","templated":true}]}}

<p><strong>Aliki</strong> est à 13 km de Parikia, à la pointe sud de l’île de Paros. Abritée des vents, notamment du Meltémi, c’est un paradis pour les <strong>familles avec enfants</strong> qui apprécient la mer calme et l’eau transparente. Si vous aimez la plongée vous serez ravi par la profondeur des fonds sous-marins. Des <strong>arbres </strong>le long de plage permettent de vous abriter du soleil. C’est l’endroit idéal pour goûter au poisson fraichement pêché dans l’une des <strong>tavernes</strong> du village.</p>
<p>En suivant le front de mer sur la gauche, vous trouverez <strong>la plage de Piso Aliki</strong>. Une grande plage de sable aux eaux turquoise, bordée de tamaris, avec une taverne. Ouverte sur le large, la <strong>vue est exceptionnelle</strong>, on peut voir les îles de Ios, Sikinos et Folegandros à l’horizon. La plage est équipée d’un parking, de cabines de bain et de toilettes</p>

<p>Aliki est à 13 km de Parikia, à la pointe sud de l’île de Paros. Abritée des vents, notamment du Meltémi, c’est un paradis pour les familles avec enfants qui apprécient la mer calme et l’eau transparente. Si vous aimez la plongée vous serez ravi par la profondeur des fonds sous-marins. Des arbres le long de plage permettent de vous abriter du soleil. C’est l’endroit idéal pour goûter au poisson fraichement pêché dans l’une des tavernes du village. En suivant le front de mer sur la gauche, vous trouverez la plage de Piso Aliki. Une grande plage de sable aux eaux turquoise, bordée de tamaris, avec une taverne. Ouverte sur [&hellip;]</p>

<!-- This site is optimized with the Yoast SEO plugin v27.1.1 - https://yoast.com/product/yoast-seo-wordpress/ -->
<title>Aliki -Location de voitures à Paros Grèce</title>
<meta name="description" content="Aliki -Location de voitures à prix compétitifs, offres spéciales et réductions sur les locations auto à Paros Grèce" />
<meta name="robots" content="index, follow, max-snippet:-1, max-image-preview:large, max-video-preview:-1" />
<link rel="canonical" href="https://parosrentcar.com/fr/plages/plage-daliki/" />
<meta property="og:locale" content="fr_FR" />
<meta property="og:type" content="article" />
<meta property="og:title" content="Aliki -Location de voitures à Paros Grèce" />
<meta property="og:description" content="Aliki -Location de voitures à prix compétitifs, offres spéciales et réductions sur les locations auto à Paros Grèce" />
<meta property="og:url" content="https://parosrentcar.com/fr/plages/plage-daliki/" />
<meta property="og:site_name" content="Location de voitures à Paros Grèce - ParosEuropeanRent" />
<meta property="article:publisher" content="https://www.facebook.com/paroscarrental" />
<meta property="article:modified_time" content="2015-02-11T18:40:09+00:00" />
<meta name="twitter:label1" content="Durée de lecture estimée" />
	<meta name="twitter:data1" content="1 minute" />
<script type="application/ld+json" class="yoast-schema-graph">{"@context":"https://schema.org","@graph":[{"@type":"WebPage","@id":"https://parosrentcar.com/fr/plages/plage-daliki/","url":"https://parosrentcar.com/fr/plages/plage-daliki/","name":"Aliki -Location de voitures à Paros Grèce","isPartOf":{"@id":"https://parosrentcar.com/fr/#website"},"datePublished":"2014-12-13T15:08:57+00:00","dateModified":"2015-02-11T18:40:09+00:00","description":"Aliki -Location de voitures à prix compétitifs, offres spéciales et réductions sur les locations auto à Paros Grèce","breadcrumb":{"@id":"https://parosrentcar.com/fr/plages/plage-daliki/#breadcrumb"},"inLanguage":"fr-FR","potentialAction":[{"@type":"ReadAction","target":["https://parosrentcar.com/fr/plages/plage-daliki/"]}]},{"@type":"BreadcrumbList","@id":"https://parosrentcar.com/fr/plages/plage-daliki/#breadcrumb","itemListElement":[{"@type":"ListItem","position":1,"name":"Home","item":"https://parosrentcar.com/fr/"},{"@type":"ListItem","position":2,"name":"Plages","item":"https://parosrentcar.com/fr/plages/"},{"@type":"ListItem","position":3,"name":"Aliki"}]},{"@type":"WebSite","@id":"https://parosrentcar.com/fr/#website","url":"https://parosrentcar.com/fr/","name":"Location de voitures à Paros Grèce - ParosEuropeanRent","description":"Location de voiture, buggy, quad, atv, scooter, moto et vélo à Paros","potentialAction":[{"@type":"SearchAction","target":{"@type":"EntryPoint","urlTemplate":"https://parosrentcar.com/fr/?s={search_term_string}"},"query-input":{"@type":"PropertyValueSpecification","valueRequired":true,"valueName":"search_term_string"}}],"inLanguage":"fr-FR"}]}</script>
<!-- / Yoast SEO plugin. -->

Aliki -Location de voitures à Paros Grèce

Aliki -Location de voitures à prix compétitifs, offres spéciales et réductions sur les locations auto à Paros Grèce

Location de voitures à Paros Grèce - ParosEuropeanRent

Location de voiture, buggy, quad, atv, scooter, moto et vélo à Paros
