{"id":1350,"date":"2014-12-13T15:03:23","date_gmt":"2014-12-13T15:03:23","guid":{"rendered":"http:\/\/parosrentcar.com\/el\/?page_id=1350"},"modified":"2015-02-11T18:34:37","modified_gmt":"2015-02-11T18:34:37","slug":"agios-fokas","status":"publish","type":"page","link":"https:\/\/parosrentcar.com\/fr\/plages\/agios-fokas\/","title":{"rendered":"Agios Fokas"},"content":{"rendered":"<p>Au nord de Parikia vous trouverez la jolie plage <strong>d\u2019Agios Fokas<\/strong>. Juste \u00e0 c\u00f4t\u00e9 du cap d\u2019Agios Fokas, \u00e0 6 km de Parikia, c\u2019est une petite <strong>plage sauvage<\/strong> \u00e0 l\u2019entr\u00e9e de la baie.<\/p>\n<p>A proximit\u00e9 de la plage, les <strong>petites chapelles jumelles d\u2019Agios Sostis<\/strong> et d\u2019<strong>Analipsi<\/strong> c\u00e9l\u00e8brent la saint Analipsi par une f\u00eate. La plage est accesssible par taxi, voiture ou moto. Il y a d\u2019autres plages \u00e0 proximit\u00e9 et de nombreuses possibilit\u00e9s de logement dans la ville de Paros.<\/p>\n","protected":false},"excerpt":{"rendered":"<p>Au nord de Parikia vous trouverez la jolie plage d\u2019Agios Fokas. Juste \u00e0 c\u00f4t\u00e9 du cap d\u2019Agios Fokas, \u00e0 6 km de Parikia, c\u2019est une petite plage sauvage \u00e0 l\u2019entr\u00e9e de la baie. A proximit\u00e9 de la plage, les petites chapelles jumelles d\u2019Agios Sostis et d\u2019Analipsi c\u00e9l\u00e8brent la saint Analipsi par une f\u00eate. La plage est accesssible par taxi, voiture ou moto. Il y a d\u2019autres plages \u00e0 proximit\u00e9 et de nombreuses possibilit\u00e9s de logement dans la ville de Paros.<\/p>\n","protected":false},"author":1,"featured_media":0,"parent":1026,"menu_order":0,"comment_status":"closed","ping_status":"closed","template":"","meta":{"footnotes":""},"class_list":["post-1350","page","type-page","status-publish","hentry"],"yoast_head":"<!-- This site is optimized with the Yoast SEO plugin v27.1.1 - https:\/\/yoast.com\/product\/yoast-seo-wordpress\/ -->\n<title>Agios Fokas -Location de voitures \u00e0 Paros Gr\u00e8ce<\/title>\n<meta name=\"description\" content=\"Agios Fokas -Location de voitures \u00e0 prix comp\u00e9titifs, offres sp\u00e9ciales et r\u00e9ductions sur les locations auto \u00e0 Paros Gr\u00e8ce\" \/>\n<meta name=\"robots\" content=\"index, follow, max-snippet:-1, max-image-preview:large, max-video-preview:-1\" \/>\n<link rel=\"canonical\" href=\"https:\/\/parosrentcar.com\/fr\/plages\/agios-fokas\/\" \/>\n<meta property=\"og:locale\" content=\"fr_FR\" \/>\n<meta property=\"og:type\" content=\"article\" \/>\n<meta property=\"og:title\" content=\"Agios Fokas -Location de voitures \u00e0 Paros Gr\u00e8ce\" \/>\n<meta property=\"og:description\" content=\"Agios Fokas -Location de voitures \u00e0 prix comp\u00e9titifs, offres sp\u00e9ciales et r\u00e9ductions sur les locations auto \u00e0 Paros Gr\u00e8ce\" \/>\n<meta property=\"og:url\" content=\"https:\/\/parosrentcar.com\/fr\/plages\/agios-fokas\/\" \/>\n<meta property=\"og:site_name\" content=\"Location de voitures \u00e0 Paros Gr\u00e8ce - ParosEuropeanRent\" \/>\n<meta property=\"article:publisher\" content=\"https:\/\/www.facebook.com\/paroscarrental\" \/>\n<meta property=\"article:modified_time\" content=\"2015-02-11T18:34:37+00:00\" \/>\n<script type=\"application\/ld+json\" class=\"yoast-schema-graph\">{\"@context\":\"https:\/\/schema.org\",\"@graph\":[{\"@type\":\"WebPage\",\"@id\":\"https:\/\/parosrentcar.com\/fr\/plages\/agios-fokas\/\",\"url\":\"https:\/\/parosrentcar.com\/fr\/plages\/agios-fokas\/\",\"name\":\"Agios Fokas -Location de voitures \u00e0 Paros Gr\u00e8ce\",\"isPartOf\":{\"@id\":\"https:\/\/parosrentcar.com\/fr\/#website\"},\"datePublished\":\"2014-12-13T15:03:23+00:00\",\"dateModified\":\"2015-02-11T18:34:37+00:00\",\"description\":\"Agios Fokas -Location de voitures \u00e0 prix comp\u00e9titifs, offres sp\u00e9ciales et r\u00e9ductions sur les locations auto \u00e0 Paros Gr\u00e8ce\",\"breadcrumb\":{\"@id\":\"https:\/\/parosrentcar.com\/fr\/plages\/agios-fokas\/#breadcrumb\"},\"inLanguage\":\"fr-FR\",\"potentialAction\":[{\"@type\":\"ReadAction\",\"target\":[\"https:\/\/parosrentcar.com\/fr\/plages\/agios-fokas\/\"]}]},{\"@type\":\"BreadcrumbList\",\"@id\":\"https:\/\/parosrentcar.com\/fr\/plages\/agios-fokas\/#breadcrumb\",\"itemListElement\":[{\"@type\":\"ListItem\",\"position\":1,\"name\":\"Home\",\"item\":\"https:\/\/parosrentcar.com\/fr\/\"},{\"@type\":\"ListItem\",\"position\":2,\"name\":\"Plages\",\"item\":\"https:\/\/parosrentcar.com\/fr\/plages\/\"},{\"@type\":\"ListItem\",\"position\":3,\"name\":\"Agios Fokas\"}]},{\"@type\":\"WebSite\",\"@id\":\"https:\/\/parosrentcar.com\/fr\/#website\",\"url\":\"https:\/\/parosrentcar.com\/fr\/\",\"name\":\"Location de voitures \u00e0 Paros Gr\u00e8ce - ParosEuropeanRent\",\"description\":\"Location de voiture, buggy, quad, atv, scooter, moto et v\u00e9lo \u00e0 Paros\",\"potentialAction\":[{\"@type\":\"SearchAction\",\"target\":{\"@type\":\"EntryPoint\",\"urlTemplate\":\"https:\/\/parosrentcar.com\/fr\/?s={search_term_string}\"},\"query-input\":{\"@type\":\"PropertyValueSpecification\",\"valueRequired\":true,\"valueName\":\"search_term_string\"}}],\"inLanguage\":\"fr-FR\"}]}<\/script>\n<!-- \/ Yoast SEO plugin. -->","yoast_head_json":{"title":"Agios Fokas -Location de voitures \u00e0 Paros Gr\u00e8ce","description":"Agios Fokas -Location de voitures \u00e0 prix comp\u00e9titifs, offres sp\u00e9ciales et r\u00e9ductions sur les locations auto \u00e0 Paros Gr\u00e8ce","robots":{"index":"index","follow":"follow","max-snippet":"max-snippet:-1","max-image-preview":"max-image-preview:large","max-video-preview":"max-video-preview:-1"},"canonical":"https:\/\/parosrentcar.com\/fr\/plages\/agios-fokas\/","og_locale":"fr_FR","og_type":"article","og_title":"Agios Fokas -Location de voitures \u00e0 Paros Gr\u00e8ce","og_description":"Agios Fokas -Location de voitures \u00e0 prix comp\u00e9titifs, offres sp\u00e9ciales et r\u00e9ductions sur les locations auto \u00e0 Paros Gr\u00e8ce","og_url":"https:\/\/parosrentcar.com\/fr\/plages\/agios-fokas\/","og_site_name":"Location de voitures \u00e0 Paros Gr\u00e8ce - ParosEuropeanRent","article_publisher":"https:\/\/www.facebook.com\/paroscarrental","article_modified_time":"2015-02-11T18:34:37+00:00","schema":{"@context":"https:\/\/schema.org","@graph":[{"@type":"WebPage","@id":"https:\/\/parosrentcar.com\/fr\/plages\/agios-fokas\/","url":"https:\/\/parosrentcar.com\/fr\/plages\/agios-fokas\/","name":"Agios Fokas -Location de voitures \u00e0 Paros Gr\u00e8ce","isPartOf":{"@id":"https:\/\/parosrentcar.com\/fr\/#website"},"datePublished":"2014-12-13T15:03:23+00:00","dateModified":"2015-02-11T18:34:37+00:00","description":"Agios Fokas -Location de voitures \u00e0 prix comp\u00e9titifs, offres sp\u00e9ciales et r\u00e9ductions sur les locations auto \u00e0 Paros Gr\u00e8ce","breadcrumb":{"@id":"https:\/\/parosrentcar.com\/fr\/plages\/agios-fokas\/#breadcrumb"},"inLanguage":"fr-FR","potentialAction":[{"@type":"ReadAction","target":["https:\/\/parosrentcar.com\/fr\/plages\/agios-fokas\/"]}]},{"@type":"BreadcrumbList","@id":"https:\/\/parosrentcar.com\/fr\/plages\/agios-fokas\/#breadcrumb","itemListElement":[{"@type":"ListItem","position":1,"name":"Home","item":"https:\/\/parosrentcar.com\/fr\/"},{"@type":"ListItem","position":2,"name":"Plages","item":"https:\/\/parosrentcar.com\/fr\/plages\/"},{"@type":"ListItem","position":3,"name":"Agios Fokas"}]},{"@type":"WebSite","@id":"https:\/\/parosrentcar.com\/fr\/#website","url":"https:\/\/parosrentcar.com\/fr\/","name":"Location de voitures \u00e0 Paros Gr\u00e8ce - ParosEuropeanRent","description":"Location de voiture, buggy, quad, atv, scooter, moto et v\u00e9lo \u00e0 Paros","potentialAction":[{"@type":"SearchAction","target":{"@type":"EntryPoint","urlTemplate":"https:\/\/parosrentcar.com\/fr\/?s={search_term_string}"},"query-input":{"@type":"PropertyValueSpecification","valueRequired":true,"valueName":"search_term_string"}}],"inLanguage":"fr-FR"}]}},"_links":{"self":[{"href":"https:\/\/parosrentcar.com\/fr\/wp-json\/wp\/v2\/pages\/1350","targetHints":{"allow":["GET"]}}],"collection":[{"href":"https:\/\/parosrentcar.com\/fr\/wp-json\/wp\/v2\/pages"}],"about":[{"href":"https:\/\/parosrentcar.com\/fr\/wp-json\/wp\/v2\/types\/page"}],"author":[{"embeddable":true,"href":"https:\/\/parosrentcar.com\/fr\/wp-json\/wp\/v2\/users\/1"}],"replies":[{"embeddable":true,"href":"https:\/\/parosrentcar.com\/fr\/wp-json\/wp\/v2\/comments?post=1350"}],"version-history":[{"count":1,"href":"https:\/\/parosrentcar.com\/fr\/wp-json\/wp\/v2\/pages\/1350\/revisions"}],"predecessor-version":[{"id":1951,"href":"https:\/\/parosrentcar.com\/fr\/wp-json\/wp\/v2\/pages\/1350\/revisions\/1951"}],"up":[{"embeddable":true,"href":"https:\/\/parosrentcar.com\/fr\/wp-json\/wp\/v2\/pages\/1026"}],"wp:attachment":[{"href":"https:\/\/parosrentcar.com\/fr\/wp-json\/wp\/v2\/media?parent=1350"}],"curies":[{"name":"wp","href":"https:\/\/api.w.org\/{rel}","templated":true}]}}

<p>Au nord de Parikia vous trouverez la jolie plage <strong>d’Agios Fokas</strong>. Juste à côté du cap d’Agios Fokas, à 6 km de Parikia, c’est une petite <strong>plage sauvage</strong> à l’entrée de la baie.</p>
<p>A proximité de la plage, les <strong>petites chapelles jumelles d’Agios Sostis</strong> et d’<strong>Analipsi</strong> célèbrent la saint Analipsi par une fête. La plage est accesssible par taxi, voiture ou moto. Il y a d’autres plages à proximité et de nombreuses possibilités de logement dans la ville de Paros.</p>

<p>Au nord de Parikia vous trouverez la jolie plage d’Agios Fokas. Juste à côté du cap d’Agios Fokas, à 6 km de Parikia, c’est une petite plage sauvage à l’entrée de la baie. A proximité de la plage, les petites chapelles jumelles d’Agios Sostis et d’Analipsi célèbrent la saint Analipsi par une fête. La plage est accesssible par taxi, voiture ou moto. Il y a d’autres plages à proximité et de nombreuses possibilités de logement dans la ville de Paros.</p>

<!-- This site is optimized with the Yoast SEO plugin v27.1.1 - https://yoast.com/product/yoast-seo-wordpress/ -->
<title>Agios Fokas -Location de voitures à Paros Grèce</title>
<meta name="description" content="Agios Fokas -Location de voitures à prix compétitifs, offres spéciales et réductions sur les locations auto à Paros Grèce" />
<meta name="robots" content="index, follow, max-snippet:-1, max-image-preview:large, max-video-preview:-1" />
<link rel="canonical" href="https://parosrentcar.com/fr/plages/agios-fokas/" />
<meta property="og:locale" content="fr_FR" />
<meta property="og:type" content="article" />
<meta property="og:title" content="Agios Fokas -Location de voitures à Paros Grèce" />
<meta property="og:description" content="Agios Fokas -Location de voitures à prix compétitifs, offres spéciales et réductions sur les locations auto à Paros Grèce" />
<meta property="og:url" content="https://parosrentcar.com/fr/plages/agios-fokas/" />
<meta property="og:site_name" content="Location de voitures à Paros Grèce - ParosEuropeanRent" />
<meta property="article:publisher" content="https://www.facebook.com/paroscarrental" />
<meta property="article:modified_time" content="2015-02-11T18:34:37+00:00" />
<script type="application/ld+json" class="yoast-schema-graph">{"@context":"https://schema.org","@graph":[{"@type":"WebPage","@id":"https://parosrentcar.com/fr/plages/agios-fokas/","url":"https://parosrentcar.com/fr/plages/agios-fokas/","name":"Agios Fokas -Location de voitures à Paros Grèce","isPartOf":{"@id":"https://parosrentcar.com/fr/#website"},"datePublished":"2014-12-13T15:03:23+00:00","dateModified":"2015-02-11T18:34:37+00:00","description":"Agios Fokas -Location de voitures à prix compétitifs, offres spéciales et réductions sur les locations auto à Paros Grèce","breadcrumb":{"@id":"https://parosrentcar.com/fr/plages/agios-fokas/#breadcrumb"},"inLanguage":"fr-FR","potentialAction":[{"@type":"ReadAction","target":["https://parosrentcar.com/fr/plages/agios-fokas/"]}]},{"@type":"BreadcrumbList","@id":"https://parosrentcar.com/fr/plages/agios-fokas/#breadcrumb","itemListElement":[{"@type":"ListItem","position":1,"name":"Home","item":"https://parosrentcar.com/fr/"},{"@type":"ListItem","position":2,"name":"Plages","item":"https://parosrentcar.com/fr/plages/"},{"@type":"ListItem","position":3,"name":"Agios Fokas"}]},{"@type":"WebSite","@id":"https://parosrentcar.com/fr/#website","url":"https://parosrentcar.com/fr/","name":"Location de voitures à Paros Grèce - ParosEuropeanRent","description":"Location de voiture, buggy, quad, atv, scooter, moto et vélo à Paros","potentialAction":[{"@type":"SearchAction","target":{"@type":"EntryPoint","urlTemplate":"https://parosrentcar.com/fr/?s={search_term_string}"},"query-input":{"@type":"PropertyValueSpecification","valueRequired":true,"valueName":"search_term_string"}}],"inLanguage":"fr-FR"}]}</script>
<!-- / Yoast SEO plugin. -->

Agios Fokas -Location de voitures à Paros Grèce

Agios Fokas -Location de voitures à prix compétitifs, offres spéciales et réductions sur les locations auto à Paros Grèce

Location de voitures à Paros Grèce - ParosEuropeanRent

Location de voiture, buggy, quad, atv, scooter, moto et vélo à Paros
